t j = 37 - q. Calculate the greatest common factor of s and j.
11
Let h be 85/30 + (-1)/(-6). Calculate the highest common factor of h and 3.
3
Suppose 5*z + 4*x - 324 - 134 = 0, -3*z + x + 268 = 0. What is the greatest common divisor of z and 18?
18
Let u(c) = 4*c. Suppose 13 = 4*v - 5*t, -3*v + 3*t = -4*v - 1. Let g be u(v). Let r = -5 + g. What is the greatest common factor of r and 1?
1
Suppose b - 3*s = -2, -3*b = 2*b + 4*s - 47. Calculate the greatest common divisor of 112 and b.
7
Suppose 0 = 3*s - 4*m - 68 + 8, -3*m - 20 = -s. Let r(o) = 61*o - 3. Let g be r(3). What is the highest common factor of g and s?
20
Let s = -39 - -61. Calculate the highest common factor of s and 176.
22
Let l(z) = 35*z**3 + z. Let t be l(1). Suppose -3*s = -4*s + t. Suppose 27 = 5*d - 18. Calculate the greatest common factor of d and s.
9
Let z be (1/3)/((-4)/(-72)). Suppose z = 3*t - 3. Let f be t + 43 + -1*2. Calculate the highest common factor of 11 and f.
11
Suppose -5*c = 5*t + 210, 0 = -2*c + 5*c - 9. Let q be 3/((t/6)/(-5)). Suppose 37 = q*a - 43. What is the highest common factor of 10 and a?
10
Suppose -j + 6*j + 10 = 0. Let i be 0/(j*(-2)/(-4)). Let h(p) = p**2 + 3. Let a be h(i). What is the highest common divisor of 6 and a?
3
Let y = 22 - 15. Let r(m) = -m**2 + 7*m + 3. Let f be r(y). Let d be (-1)/4 + (-170)/(-8). Calculate the greatest common divisor of f and d.
3
Suppose 0 = -k + 9*k - 120. What is the greatest common divisor of k and 9?
3
Let x(c) = -61*c - 1. Let h(g) = -2*g**2 + g + 1. Let a be h(-1). Let s be x(a). Let b be -1 + 1 + (0 - -11). Calculate the highest common factor of s and b.
11
Suppose -4*o + 200 = o. Suppose 26 + 44 = 5*h + 5*i, -o = -2*h + 4*i. Calculate the greatest common factor of h and 8.
8
Let q(g) = g**3 + 4*g**2 - 5*g - 6. Let z be q(-5). Let w be 3 - 4*z/3. Calculate the greatest common divisor of 11 and w.
11
Let j = -110 - -418. What is the highest common factor of j and 28?
28
Suppose -4 = -3*k + 2. Suppose k*u - 8 + 3 = 3*i, 2*i + 5*u = 22. Let c be i*2 - 0/3. What is the highest common factor of c and 16?
2
Let d = 3 + -5. Let m be (d - 6/(-2)) + 3. Calculate the highest common divisor of 10 and m.
2
Let w(p) = 121*p. Let a be w(1). Let j(k) = k + 10. Let v be j(1). Calculate the greatest common factor of a and v.
11
Let b = -18 + 12. Let d(c) = -11*c + 4. Let s be d(b). Suppose 4*k + m = 19 + 13, m - 4 = 0. Calculate the highest common divisor of s and k.
7
Let v(f) = f + 8. Let n be v(-6). Let u = 2 - n. Let s be 1 + u + 1 - -16. What is the highest common divisor of 162 and s?
18
Let g be 1*(-6)/24 + (-73)/(-4). Calculate the greatest common divisor of g and 3.
3
Let a be ((-45)/10)/((-1)/6). What is the highest common factor of a and 54?
27
Let f(t) = t**3 + 9*t**2 - 10. Let c be f(-7). Let m = 11 - 3. What is the highest common factor of c and m?
8
Let t = -6 - 0. Let i = 3 - t. Suppose -2*x + 4*f + 57 = -53, -4*x - 3*f = -264. Calculate the highest common factor of x and i.
9
Let s be (-18)/15*10/(-3). Calculate the greatest common divisor of 28 and s.
4
Let m be 0/((-8)/4) + 3. What is the highest common divisor of m and 15?
3
Let x(h) = 181*h**3 - h**2 + h - 1. Let w be x(1). Calculate the highest common divisor of w and 20.
20
Let p = 1 + 17. Calculate the highest common factor of p and 27.
9
Let l = 179 - 155. What is the highest common divisor of 16 and l?
8
Let p(g) = -g**3 - 7*g**2 - 17*g - 51. Let k be p(-6). What is the highest common factor of 105 and k?
15
Let b(f) = 252*f + 1. Let m be b(1). Calculate the highest common factor of 23 and m.
23
Let x be 4/6*1*18. Calculate the highest common factor of x and 6.
6
Let s = -3 - -7. Let u = s - -1. Suppose -u*p + 137 + 43 = 0. What is the greatest common factor of p and 12?
12
Suppose 5*m + 2*k + 87 = 0, 3*m + 5*k = 2*k - 45. Let f be -1 + 1 - (-68)/(-2). Let r = m - f. What is the greatest common factor of r and 60?
15
Suppose -40 = -2*p - 3*p. Let c be 5/(-20) - (-706)/p. Calculate the highest common factor of 8 and c.
8
Let a = 29 - 19. Suppose 0 = -u - 3 + 2. Let z = 6 + u. Calculate the highest common divisor of a and z.
5
Let c be (-2)/10 - (-22)/10. Suppose 2*q - 42 = -2*q - c*p, 3*p + 1 = 2*q. What is the greatest common divisor of q and 64?
8
Let o be 0/2 - (0 + -3). Suppose -5*r + 13 - 216 = 3*b, -118 = o*r - 2*b. Let c be (-488)/r + (-1)/5. Calculate the highest common factor of 132 and c.
12
Let b be 0/(2/4*-4). Suppose b = 2*q - q + 5*y + 15, -5*q = 2*y - 17. Suppose o + q - 24 = 0. Calculate the greatest common factor of 152 and o.
19
Suppose 0 = -5*n + 19 + 26. What is the greatest common factor of n and 18?
9
Let t(x) = -6*x - 3 + 3*x**2 + x**3 + 1 + x**2. Let g be t(-5). Suppose -b = -4 + 3. Calculate the greatest common factor of b and g.
1
Let x = 72 + 19. What is the greatest common factor of 7 and x?
7
Suppose 6*y + 29 = -1951. Let f be y/4*4/(-6). Calculate the greatest common divisor of 5 and f.
5
Suppose 5*c + 120 = 9*c. Let f be (3/(-9))/(1/(-6)). Suppose m = 2*w - f*m - 147, -2*m = -w + 73. What is the highest common factor of w and c?
15
Let h be (-2)/(-4) - (-4 + 62/(-4)). What is the highest common factor of 30 and h?
10
Let y = -21 + 13. Let k(n) = -n**3 - 8*n**2 - 3*n - 12. Let v be k(y). What is the highest common factor of v and 84?
12
Let v be (-2)/(-2 - (-66)/32). Let p = -13 - v. Let f(b) = 16*b**2 + 4*b - 4. Let o be f(3). Calculate the greatest common factor of p and o.
19
Suppose 13*k - 11*k - 36 = 0. What is the greatest common divisor of 72 and k?
18
Let c be (-14)/(-8) - (-2)/8. Suppose -5*b - p + 440 = 0, 5*b - 300 = c*p + 140. Suppose 99*z - 56 = 92*z. Calculate the greatest common divisor of b and z.
8
Let g = 1 - 5. Let s(y) = y**3 + 9*y**2 + 4*y. Let n be s(g). Suppose 2*l - l = 16. What is the highest common divisor of n and l?
16
Let h be (-18326)/(-49)*(1 - (-2)/(-4)). What is the greatest common factor of h and 22?
11
Let n = 140 - -14. What is the highest common factor of 22 and n?
22
Let m be (0 + 2)/(4/16). Let t be (-273)/(-28) + 2/m. Calculate the greatest common factor of 40 and t.
10
Let q = 9 - 20. Let j = 26 + q. Let t = -201 + 366. Calculate the greatest common factor of t and j.
15
Let l be ((-51)/12)/(2/(-72)). Let o be 104/6 + (-4)/12. What is the greatest common divisor of l and o?
17
Let u be (6 + -4)/(4/18). Let g be ((-4)/6 + 1)*u. Suppose 2*c = -d + 31, 3*d + 29 = g*c - 13. What is the greatest common factor of c and 75?
15
Let o(y) = -2*y + 12. Let d be o(9). Let f be ((-2)/d)/(2/30). Suppose j - 16 + f = 0. Calculate the highest common divisor of j and 33.
11
Let g be (-212)/(-20) - (2 + (-14)/10). Calculate the greatest common divisor of g and 15.
5
Suppose -6*k - 1 + 91 = 0. Suppose 2*g - 7*g + k = 0. What is the greatest common factor of g and 1?
1
Suppose 4*m = 2 + 2. Let o be m + 7 + -1 - 1. Let t = 0 + o. Calculate the highest common factor of t and 36.
6
Let z(f) = 0 - 4*f + 1 - f + 3*f. Let l be z(-4). Suppose -4 = 2*h, -2*c + 112 = c - 2*h. Calculate the highest common factor of c and l.
9
Let o be (1 + -2 + 0)*-2. Suppose -5*i - w + 179 = -o*w, 4*i - 160 = 5*w. Suppose 12 = 5*x - 13. Calculate the greatest common divisor of x and i.
5
Let q(z) = -5 - 4*z**3 + 5*z**3 - 2*z**3 + 4 + 4*z - 4*z**2. Let c be q(-5). Suppose -80 = -c*m - 0*m. Calculate the greatest common factor of m and 8.
4
Suppose 5*h - 218 - 172 = 0. Let o be (-6)/(-27)*3*-3 - 0. Let z be (h/(-12))/(o/28). Calculate the highest common factor of z and 13.
13
Let v = -30 - -52. Let b = v - 34. Let p be (-1 + 3)/((-2)/b). Calculate the highest common factor of p and 60.
12
Let a(p) = -2*p**2 + 18*p + 6. Let w be a(9). Let g = -40 - -58. What is the highest common factor of g and w?
6
Suppose 4*x = 8*x - 16. Suppose -y + 8 = -0. What is the highest common divisor of x and y?
4
Let u be (2 - -1) + -1 + 14. Suppose g = -3*y - 242, 2*y - 3*g + 222 = -y. Let t = 49 - y. What is the highest common factor of t and u?
16
Let i = 32 + 13. Calculate the highest common factor of i and 9.
9
Suppose -4*f + 19 = -3*l + 2, 2 = f - 3*l. Let c(j) = 3*j**3 + 2*j**2 + j + 1. Let k = -3 + 5. Let y be c(k). Calculate the greatest common divisor of y and f.
5
Suppose -4 = -b - b. Suppose 6*o - 75 = b*o - 5*f, 2*o - 33 = -f